**4/24 + 2*h**3 - 25*h**2. Let k be r(2). Suppose f - 2*p = k, -1 - 49 = -5*f + 2*p. List the prime factors of f.
2, 3
Let o(j) = 27*j - 12. Let r = -55 + 52. Let c be o(r). Let p = -17 - c. What are the prime factors of p?
2, 19
Suppose 5*r - 48 + 3 = 0. What are the prime factors of (1 - -76) + (3 - r)?
71
Let m(s) = -100*s - 113. Let j be m(-16). Let z = 2201 - j. What are the prime factors of z?
2, 3, 7, 17
What are the prime factors of (-134)/(-67)*19690/4?
5, 11, 179
Let r(i) = 434*i - 1890. What are the prime factors of r(27)?
2, 3, 7, 13
Suppose -13*d - 80 = -14*d. Suppose -4*b + d = b. Suppose 19*l = b*l + 315. List the prime factors of l.
3, 5, 7
Suppose -16*q + 21054 + 2186 = -52104. What are the prime factors of q?
17, 277
Let k(a) = a + 61. Let i be k(-12). Suppose i*r - 35*r - 5208 = 0. What are the prime factors of r?
2, 3, 31
Let n be (-4)/(4/9) - (-3)/(-3). What are the prime factors of (46/n)/(1/(-10))?
2, 23
Suppose 5*x + 0*g = -g + 6, 2 = 5*x + 2*g. Let w = 206 + -129. Suppose x*h - w = -29. List the prime factors of h.
2, 3
Let v be (-85 - 1)*5/(-10). Let y = v - 43. Suppose -3*w + 4*w - 5 = y. What are the prime factors of w?
5
Let m = -496 + 498. Suppose -645 + 249 = -m*b. What are the prime factors of b?
2, 3, 11
Suppose 4 - 2 = 2*z. Suppose 2*k + z = -5. List the prime factors of (4/k)/4 - 1568/(-24).
5, 13
Let p be 81938/42 + (-6)/(-63). Let y = p - 1289. What are the prime factors of y?
2, 331
Suppose 92827 = 2*b - 3*d, 9123*d - 9128*d = b - 46420. What are the prime factors of b?
5, 9283
Suppose o = 4*c - 385, -4*c + c - o = -294. Suppose 4*z = 3*n + c, -2*z - 3*n = -57 + 22. List the prime factors of z.
2, 11
Let b = 971 + -328. Suppose b = 9*d - 1076. Suppose -4*f + d - 23 = 0. What are the prime factors of f?
2, 3, 7
Suppose -38*r = -40*r - 2*p + 4662, 4*p - 4 = 0. What are the prime factors of r?
2, 5, 233
Let m = -16 - -35. Let s(d) be the first derivative of d**4/4 - 19*d**3/3 + 2*d**2 + d + 527. List the prime factors of s(m).
7, 11
Suppose 64609*d = 64596*d + 11388. List the prime factors of d.
2, 3, 73
Suppose 5*a = j + 678, -j + 2616 = -5*j - 4*a. Let t = j - -1039. List the prime factors of t.
3, 127
Let p be 0/(((-6)/(-4))/(12/24)). Suppose 3*b - 1 = h - 0, p = -2*b - 2*h + 6. Let l(x) = 254*x + 6. What are the prime factors of l(b)?
2, 5, 13
Let o(v) = -6*v**3 - 8*v**3 - 8*v**2 + 75*v + 18*v**3 - 4*v**3 + 24 - v**3. List the prime factors of o(-15).
2, 3, 79
Let b be 3466/14 - 7 - 6/(-14). Suppose -m - 242 = b. Let z = -231 - m. List the prime factors of z.
2, 3, 7
Suppose 3*y + 14*t + 6 = 11*t, y = -2*t - 2. What are the prime factors of ((-3730)/(10/y))/(7 - 6)?
2, 373
Suppose -w = 5*g + 265 - 91, 4*w = 3*g - 650. List the prime factors of ((-5)/(-10)*-2)/(2/w).
2, 41
List the prime factors of (9/(-6))/((-490465)/(-245240) - (3 + -1)).
2, 6131
Let p(u) = 3*u - 18. Let a be p(13). Let w be (-6)/a + 598/(-14). Let q = 67 + w. List the prime factors of q.
2, 3
Let x be 6*(-2)/4*(-76 + -3). Let o = 837 - x. List the prime factors of o.
2, 3, 5
Suppose 10 - 74 = -16*p. List the prime factors of (-45)/((-36)/p) + 982/1.
3, 7, 47
Let n = 157 + -152. Let u(f) = 3*f**2 + f**2 + 98 - 78 - 11*f. List the prime factors of u(n).
5, 13
Let g be (-36 - -33)*(-4)/3. List the prime factors of (2*46/(-24))/(g/(-24)).
23
Let y(x) = -x**2 - 29*x + 11. Let b(j) = -2*j + 1. Let m(u) = 5*b(u) - y(u). Let s be m(-9). Let w = 29 - s. What are the prime factors of w?
5
Suppose 5120 = -5*v + 25*v. Let k = v + 195. What are the prime factors of k?
11, 41
Let k = 209 + -205. Suppose -q = b - 326, -k*q + 4*b + 766 = -570. What are the prime factors of q?
2, 3, 5, 11
Suppose -46430 = -12*v + 4*n + 365138, -4*v = 3*n - 137185. List the prime factors of v.
34297
Suppose -5*y + 407839 = -2*h, 2*h = 30*y - 28*y - 163138. What are the prime factors of y?
3, 19, 53
Let b = 426 - 133. Suppose -b = -h + 9. What are the prime factors of h?
2, 151
Suppose 126*p - 3*v - 11884 = 124*p, 3*p - 17826 = 2*v. What are the prime factors of p?
2, 2971
Suppose -16*f + 2*f = 0. Let u(t) = -t**2 - 17*t + 470. What are the prime factors of u(f)?
2, 5, 47
Suppose 0 = -2*d - 168*i + 166*i + 50460, -5*i = 30. List the prime factors of d.
2, 3, 701
Let u = 214 + -912. Let m = -85 - u. List the prime factors of m.
613
What are the prime factors of 4812/14*525*(160/12 - 13)?
2, 3, 5, 401
Let l be (-26)/(-9) + (-3)/(-27). Let n(g) = -7 - l*g - 6 - 17*g + 11*g. What are the prime factors of n(-5)?
2
Suppose -2*v + 14 = 4*n - v, 4*n + 3*v - 10 = 0. Suppose n*d = -2*j + 2154, 0*d + 3237 = 3*j + 4*d. List the prime factors of j.
3, 19
Let h(x) = -18*x**2 + 28*x - 136 + 48*x**2 - 15 + 5 + 22*x**2. List the prime factors of h(5).
2, 647
Let w = -87 + 86. Let o(r) = -132*r**3 - 3*r**2 - 2*r + 1. What are the prime factors of o(w)?
2, 3, 11
Let p = 79 - 54. Let w = -21 + p. Suppose 0 = -5*u - r + 22, -4*r + 14 = w*u - 2*r. What are the prime factors of u?
5
What are the prime factors of 4/(-22) + (-23500555)/(-671)?
35023
Let p(r) = 1680*r + 607. List the prime factors of p(19).
11, 2957
Let c(w) = -21*w + 857. What are the prime factors of c(-42)?
37, 47
Let i be (-2 - -1)*(-534)/6. Suppose -i = -4*q + 131. Suppose y - 15 = 4*a - 2*a, 4*a - q = -3*y. What are the prime factors of y?
17
Let h(o) = -18*o + 1. Let i(t) = 51*t - 3. Let p(x) = -15*h(x) - 5*i(x). Let w be 2 + (-2 - 0) + 16. What are the prime factors of p(w)?
2, 3, 5
Let o(w) = 12*w**2 + 2*w + 7 + 7*w + w**3 - 5*w**2. Let a be o(-6). What are the prime factors of (14/(-4)*-38)/(12 + a)?
7, 19
Let x(f) = -137*f + 1197. What are the prime factors of x(-57)?
2, 3, 19, 79
Let w(o) = o**2 - 11*o + 715. List the prime factors of w(-51).
3877
Let w = -210 + 198. What are the prime factors of (-13 - -77)*38/w*-3?
2, 19
Let l(k) = 3*k**3 - 48*k**2 + 49*k + 12. Let h(w) = w**3 - 16*w**2 + 16*w + 4. Let v(s) = 11*h(s) - 4*l(s). Let t = 233 + -219. List the prime factors of v(t).
2, 3
Suppose -2*z = -2, 8*z - 172708 = -5*b + 5*z. List the prime factors of b.
13, 2657
Suppose 69*c + 4 = 70*c. Suppose -3*x + 2180 = n - 367, -c*x = -n - 3403. What are the prime factors of x?
2, 5, 17
Suppose -2 = v - 2*l - 3, -10 = 5*v + 5*l. Let f(s) = -s**2 - 9*s - 284. Let i(u) = -2*u + 1. Let b(p) = v*f(p) + 5*i(p). List the prime factors of b(0).
17
Suppose 0 = -y - 5*j - 0*j - 11, 0 = -3*j - 9. Suppose 3*a = y*a - 8. Let v(m) = 3*m**2 - 5*m + 1. What are the prime factors of v(a)?
3, 17
List the prime factors of (-259821)/(-81) + (-4)/(-12).
2, 401
Suppose 45119 = 5*i - 7*j - 18919, 5*i = -2*j + 64002. List the prime factors of i.
2, 37, 173
Let l(g) = 19*g**2 + 9*g + 17. Suppose -4*u - 1 - 11 = 0. What are the prime factors of l(u)?
7, 23
Let t(c) = -461*c - 6. List the prime factors of t(-8).
2, 7, 263
Suppose -o + 6*o + 5*f = -415, -239 = 3*o + f. List the prime factors of (o/(-65))/(2 - 1238/620).
2, 3, 31
Let u(z) = -z**3 + 4*z**2 + 5*z + 1. Suppose -12*p + 60 = -0. Let b be u(p). List the prime factors of (-10)/15 - (562/(-6) + b).
2, 23
Let m(a) = a**2 - 137*a + 1039. List the prime factors of m(-76).
7, 23, 107
Let p = -261 - -265. List the prime factors of p/5*(40 + 270).
2, 31
Let p(w) = -21*w + 680. List the prime factors of p(-70).
2, 5, 43
Let n = -21615 - -43126. List the prime factors of n.
7, 439
Let v = 26062 + -13102. List the prime factors of v.
2, 3, 5
Suppose 0 = -3*y + 6 - 21. Suppose 5*b + 50 = 4*n, 3*n - 2*b + 12 - 46 = 0. List the prime factors of y/(n/248)*(-5 + 4).
2, 31
Let t(k) = 9*k**3 - k**2 - k + 1. Let p be t(1). Suppose -80 = -p*f - 24. Suppose f*j = 16*j - 1728. List the prime factors of j.
2, 3
Suppose 17*j = 43*j - 11414. Suppose -2665 = -5*f - 5*a, 3*f - 2*a - j - 1160 = 0. What are the prime factors of f?
13, 41
Let z(b) = 5720*b**2 - 40*b - 191. List the prime factors of z(-3).
101, 509
Suppose 3*b - 10803 = 3*i, -4*i + 24096 = 5*b + 6064. List the prime factors of b.
2, 17, 53
Suppose -131*n + 126*n + 28639 = 2*m, -5753 = -n - 4*m. List the prime factors of n.
5, 229
Let i(a) = 6*a - 5*a - 22 - 2*a - a. Let t be i(-10). What are the prime factors of (-1)/(471/237 + t)?
79
Let i = 26 - 26. Suppose -d = -i*d + 7. Let s(k) = k**3 + 8*k**2 - 3*k + 15. What are the prime factors of s(d)?
5, 1